 digit of 321?
3
What is the tens digit of 944?
4
What is the thousands digit of 9660?
9
What is the thousands digit of 33817?
3
What is the units digit of 65668?
8
What is the units digit of 1626?
6
What is the units digit of 6327?
7
What is the tens digit of 1834?
3
What is the hundreds digit of 31198?
1
What is the thousands digit of 68391?
8
What is the units digit of 1394?
4
What is the tens digit of 3389?
8
What is the tens digit of 2294?
9
What is the units digit of 40478?
8
What is the tens digit of 3074?
7
What is the tens digit of 3669?
6
What is the thousands digit of 60442?
0
What is the ten thousands digit of 54480?
5
What is the hundreds digit of 2071?
0
What is the tens digit of 6625?
2
What is the units digit of 1440?
0
What is the tens digit of 604?
0
What is the units digit of 26391?
1
What is the ten thousands digit of 19719?
1
What is the thousands digit of 4083?
4
What is the hundreds digit of 20390?
3
What is the tens digit of 77?
7
What is the units digit of 1254?
4
What is the hundreds digit of 494?
4
What is the hundreds digit of 1573?
5
What is the hundreds digit of 21124?
1
What is the hundreds digit of 505?
5
What is the hundreds digit of 135640?
6
What is the thousands digit of 11574?
1
What is the units digit of 804?
4
What is the units digit of 38657?
7
What is the tens digit of 1044?
4
What is the tens digit of 72672?
7
What is the hundreds digit of 3946?
9
What is the ten thousands digit of 25540?
2
What is the tens digit of 13349?
4
What is the units digit of 7244?
4
What is the units digit of 1962?
2
What is the units digit of 5927?
7
What is the units digit of 1334?
4
What is the thousands digit of 1299?
1
What is the tens digit of 9535?
3
What is the tens digit of 63?
6
What is the tens digit of 2614?
1
What is the units digit of 12372?
2
What is the thousands digit of 14623?
4
What is the tens digit of 83?
8
What is the tens digit of 956?
5
What is the units digit of 6193?
3
What is the units digit of 424?
4
What is the hundreds digit of 131210?
2
What is the hundreds digit of 854?
8
What is the units digit of 4436?
6
What is the thousands digit of 2015?
2
What is the ten thousands digit of 66412?
6
What is the tens digit of 125299?
9
What is the ten thousands digit of 45851?
4
What is the tens digit of 3294?
9
What is the thousands digit of 100165?
0
What is the thousands digit of 2637?
2
What is the tens digit of 83270?
7
What is the thousands digit of 3555?
3
What is the units digit of 801?
1
What is the tens digit of 5073?
7
What is the thousands digit of 46223?
6
What is the hundreds digit of 1226?
2
What is the hundred thousands digit of 204177?
2
What is the hundreds digit of 6569?
5
What is the hundreds digit of 6189?
1
What is the units digit of 5488?
8
What is the units digit of 50627?
7
What is the units digit of 30025?
5
What is the hundreds digit of 48186?
1
What is the hundreds digit of 446?
4
What is the tens digit of 2636?
3
What is the units digit of 6674?
4
What is the units digit of 17527?
7
What is the tens digit of 21?
2
What is the hundreds digit of 1555?
5
What is the units digit of 2717?
7
What is the units digit of 905?
5
What is the hundreds digit of 8449?
4
What is the tens digit of 2765?
6
What is the hundreds digit of 261?
2
What is the hundreds digit of 1228?
2
What is the tens digit of 2021?
2
What is the thousands digit of 2166?
2
What is the units digit of 189?
9
What is the units digit of 9?
9
What is the units digit of 33932?
2
What is the hundreds digit of 1568?
5
What is the ten thousands digit of 20487?
2
What is the hundreds digit of 28827?
8
What is the tens digit of 1386?
8
What is the units digit of 35614?
4
What is the tens digit of 617?
1
What is the units digit of 1333?
3
What is the hundreds digit of 231?
2
What is the tens digit of 211?
1
What is the units digit of 677?
7
What is the hundreds digit of 74300?
3
What is the tens digit of 1301?
0
What is the units digit of 3046?
6
What is the thousands digit of 12824?
2
What is the ten thousands digit of 28058?
2
What is the ten thousands digit of 12745?
1
What is the units digit of 8676?
6
What is the thousands digit of 60087?
0
What is the tens digit of 14739?
3
What is the tens digit of 28196?
9
What is the units digit of 175?
5
What is the ten thousands digit of 168683?
6
What is the tens digit of 473?
7
What is the hundreds digit of 4919?
9
What is the ten thousands digit of 133643?
3
What is the ten thousands digit of 94221?
9
What is the hundreds digit of 176?
1
What is the thousands digit of 4008?
4
What is the tens digit of 5520?
2
What is the hundreds digit of 622?
6
What is the tens digit of 1716?
1
What is the thousands digit of 19178?
9
What is the hundreds digit of 12316?
3
What is the thousands digit of 5474?
5
What is the thousands digit of 1213?
1
What is the hundreds digit of 2430?
4
What is the thousands digit of 6284?
6
What is the tens digit of 44903?
0
What is the tens digit of 477?
7
What is the thousands digit of 1046?
1
What is the hundreds digit of 15338?
3
What is the thousands digit of 6505?
6
What is the tens digit of 12677?
7
What is the hundreds digit of 23587?
5
What is the units digit of 917?
7
What is the hundreds digit of 5691?
6
What is the hundreds digit of 720?
7
What is the hundreds digit of 35257?
2
What is the units digit of 910?
0
What is the tens digit of 973?
7
What is the hundreds digit of 22430?
4
What is the hundreds digit of 420?
4
What is the thousands digit of 16903?
6
What is the ten thousands digit of 174859?
7
What is the units digit of 1551?
1
What is the hundreds digit of 4176?
1
What is the ten thousands digit of 10570?
1
What is the hundreds digit of 12709?
7
What is the hundreds digit of 482?
4
What is the tens digit of 1379?
7
What is the ten thousands digit of 162584?
6
What is the tens digit of 176647?
4
What is the tens digit of 5835?
3
What is the thousands digit of 2447?
2
What is the units digit of 2647?
7
What is the units digit of 1654?
4
What is the thousands digit of 9361?
9
What is the units digit of 2799?
9
What is the thousands digit of 1226?
1
What is the hundreds digit of 62957?
9
What is the thousands digit of 54954?
4
What is the hundreds digit of 66532?
5
What is the thousands digit of 21049?
1
What is the hundreds digit of 8297?
2
What is the ten thousands digit of 13135?
1
What is the ten thousands digit of 51887?
5
What is the units digit of 12916?
6
What is the thousands digit of 5623?
5
What is the thousands digit of 2128?
2
What is the tens digit of 483?
8
What is the tens digit of 14900?
0
What is the thousands digit of 1690?
1
What is the hundreds digit of 23624?
6
What is the hundreds digit of 5881?
8
What is the units digit of 5932?
2
What is the hundreds digit of 3914?
9
What is the thousands digit of 1837?
1
What is the thousands digit of 5716?
5
What is the hundreds digit of 28797?
7
What is the hundreds digit of 23607?
6
What is the units digit of 499?
9
What is the thousands digit of 76181?
6
What is the units digit of 6566?
6
What is the hundreds digit of 90487?
4
What is the tens digit of 1732?
3
What is the units digit of 1291?
1
What is the ten thousands digit of 10389?
1
What is the units digit of 33720?
0
What is the thousands digit of 56148?
6
What is the units digit of 126850?
0
What is the tens digit of 1742?
4
What is the tens digit of 295?
9
What is the tens digit of 12040?
4
What is the hundred thousands digit of 118951?
1
What is the hundred thousands digit of 100816?
1
What is the units digit of 1652?
2
What is the units digit of 105014?
4
What is the units digit of 43249?
9
What is the units digit of 34952?
2
What is the tens digit of 1429?
2
What is the units digit of 2080?
0
What is the units digit of 19650?
0
What is the units digit of 1274?
4
What is the tens digit of 9634?
3
What is the hundreds digit of 1606?
6
What is the units digit of 8213?
3
What is the hundreds digit of 19152?
1
What is the tens digit of 992?
9
What is the units digit of 1196?
6
What is the thousands digit of 39079?
9
What is the ten thousands digit of 99363?
9
What is the units digit of 48666?
6
What is the units digit of 3690?
0
What is the tens digit of 27924?
2
What is the units digit of 67?
7
What is the hundreds digit o